- 16*g**2 - 21*g - 56. Let i be w(-16). Let b = i - 1. Calculate the greatest common factor of b and 93.
93
Suppose -41*g + 960 = -33*g. Calculate the greatest common divisor of 1794 and g.
6
Suppose -2*d - 5 = -27. Suppose 0 = 2*u - 332 + 162. Suppose 0 = 11*y - 36 - u. What is the greatest common divisor of y and d?
11
Let k = 58 - 58. Suppose -c + 2*p + 2 = -2*p, k = 5*p - 10. Suppose -l + 8 = -3*g, 0*g + 8 = 3*l - g. What is the highest common divisor of l and c?
2
Let i be (-51)/(-17)*(10 - 10/6). Suppose n - 256 = 69. What is the highest common divisor of i and n?
25
Let c(a) = 22*a**2 + 3*a + 2. Let v be (-88)/(-352) + (-1)/4 + -1. Let w be c(v). Calculate the greatest common factor of w and 245.
7
Let v = -1140 + 1148. Suppose -50 = -5*o + 5*r, -14 = 5*o - 7*o - r. What is the highest common divisor of o and v?
8
Let f = -17 + 35. Suppose 1570 = 5*p + 5*h, -4*p = 17*h - f*h - 1246. What is the highest common factor of p and 24?
24
Let j = 61 + -41. Suppose -6 = -2*w, 3*a - 4*w + 31 = -2. Let c be (28/a)/(4/(-50)). What is the greatest common factor of c and j?
10
Let s(k) = -k + 104. Let j be s(0). Let r(l) = l**2 - 15*l - 237. Let h be r(25). Calculate the greatest common factor of j and h.
13
Let y(i) be the third derivative of 0 + 1/6*i**3 - 5/12*i**4 + 0*i + 16*i**2. Let t be y(-1). What is the greatest common factor of t and 22?
11
Suppose -4*c - 12 = 0, -v - 14*c = -19*c - 75. What is the greatest common divisor of v and 6860?
20
Suppose -402*g + 59104 - 1618 = 0. Let j(k) = k**3 - 7*k**2 + 6*k. Let x be j(6). Suppose x*q - 5*q + 65 = 0. Calculate the highest common divisor of q and g.
13
Suppose 136*r + 82*r = 26*r + 3561408. Calculate the greatest common divisor of r and 81.
81
Suppose -2189 = -167*y + 6161. What is the highest common factor of y and 34?
2
Let y(f) = 59*f - 12 - 4 - 2*f**2 + 3 + 19 - 6*f**2. Let v be y(6). What is the highest common factor of v and 90?
18
Suppose 3*d = -4*p + 10027, -284*d - 15 = -279*d. Calculate the greatest common divisor of 579 and p.
193
Let n be 510/3*(4 + -3). Suppose -4*l = -0*q + 4*q - 292, 4*q = 2*l - n. Let d be 1757/l + (-2)/(-11). What is the highest common divisor of 161 and d?
23
Let i(d) = -d**2 - 9*d - 1. Let r be i(-7). Suppose 145 + 96 = 9*u + 7. What is the highest common factor of r and u?
13
Let t(i) = 3*i**3 + 34*i**2 + 27*i - 38. Let p be t(-9). Let j be (-12)/9*39/(-2). What is the greatest common factor of p and j?
26
Let z = 75 - -237. Let b = z - 289. What is the greatest common factor of b and 1?
1
Suppose 2006 - 402 = 2*i - 2*k, 4*i = -2*k + 3184. What is the greatest common factor of i and 56?
14
Suppose 781*h - 352 = 780*h - 3*s, 5*h - s - 1648 = 0. Calculate the highest common divisor of 11 and h.
1
Let u(z) = 30*z**2 + 12*z - 14. Let c be u(-6). What is the greatest common divisor of c and 42?
14
Let h = 208 + -199. Let p be 21/h*(2 + 5/5). What is the highest common divisor of 287 and p?
7
Let x(j) = -8*j**3 + j**2 + 2*j + 5. Let p be x(-3). Let z = p - 183. Let y(n) = 6*n + 5. Let q be y(6). Calculate the highest common divisor of q and z.
41
Let x = -1588 - -956. Let p = x + 1092. What is the highest common divisor of p and 46?
46
Let c = -9327 + 9397. What is the highest common divisor of 371 and c?
7
Let g be (-2)/(-6) - (25/15 - 30/9). Let b = 32 - -2. Calculate the greatest common divisor of b and g.
2
Suppose 2*r - u = 4*r - 11, 19 = 3*r + 4*u. Suppose -911 + 151 = -r*c. Suppose -8*q + 48 = -c. Calculate the highest common factor of 100 and q.
25
Let p be (-1)/(-2)*-3 + 27/6. Suppose -4*k - p*z + 139 = 27, 5*z = -k + 28. Calculate the greatest common divisor of k and 224.
28
Let x(f) = 34*f**2 - 4. Let c be x(-3). Suppose -n + c + 223 = 0. Let u be ((-2)/(-3))/(1580/n + -3). Calculate the highest common divisor of 10 and u.
10
Let h be 4/(-3)*63/(-12). Suppose 3*g - h = 44. Suppose -m + 561 = 2*m. Calculate the greatest common divisor of m and g.
17
Let h(o) = -o**3 + 13*o**2 + 6*o - 93. Let i be h(-10). Calculate the greatest common factor of i and 113.
113
Suppose z = 2 - 6. Let a be (z + 4)/(1 - (-1 - 0)). Suppose a = 7*j - 10*j + 198. What is the greatest common divisor of 6 and j?
6
Suppose 0 = -2*h + 2*f + 308, 0 = 98*h - 103*h - 4*f + 842. What is the greatest common factor of 2160 and h?
54
Let c(z) = -6*z + 20. Let j be c(3). Suppose -m + 4*f - 295 + 71 = 0, 1164 = -5*m - j*f. Let i = m - -332. Calculate the highest common factor of 20 and i.
20
Let d = 5733 + -5599. Calculate the greatest common divisor of d and 8.
2
Let q(l) be the third derivative of l**6/120 + l**5/15 - 3*l**4/8 + 13*l**3/6 + 8*l**2 - 3*l. Let o be q(-4). What is the greatest common divisor of o and 931?
49
Let h = -2304 - -2604. What is the greatest common divisor of h and 1550?
50
Let r = -162 - -166. Let q(f) = 3*f**3 + 5*f**2 - 7*f - 1. Let j be q(r). Calculate the greatest common divisor of 9 and j.
9
Let o(h) = -4*h**2 - 106*h + 84. Let y be o(-18). Calculate the highest common divisor of 4408 and y.
232
Let f be 4/(-10) - (-144)/10. Let c(b) = -9*b - 80. Let x be c(-10). Let r be x*10/((-250)/(-35)). What is the greatest common factor of r and f?
14
Let b be 2/14 + (52/28 - 3). Let s be (256*(0 - b))/(1 + 0). Calculate the highest common factor of s and 64.
64
Let t = -9328 - -15278. Calculate the greatest common divisor of t and 210.
70
Let k = -255 + 259. Let q(i) = 11*i - 41. Let u be q(k). What is the greatest common divisor of 13 and u?
1
Suppose -125 = b - 125. Suppose -4*i + 684 = -b*i. What is the highest common divisor of i and 57?
57
Let a(u) = -41*u**3 + u**2 - 17*u - 51. Let r be a(-3). Calculate the highest common factor of 144 and r.
36
Let v be 2 + 30 + (-4 - -5). Suppose v = 3*h + 24. Let g(y) = 33*y**2 + y + 8. Let u be g(h). Calculate the greatest common divisor of u and 28.
28
Let d(w) = -10*w**2 - 4*w + 1. Let j be d(3). Let s = j - -114. Suppose 3*o = s - 7. Calculate the highest common factor of o and 18.
2
Suppose 1289*r = 1280*r + 1323. Suppose -3*h - 69 = -3*k, 3*h - 23 + 71 = 2*k. What is the greatest common divisor of r and k?
21
Let h(k) = 9*k - 8. Let z be h(4). Let f be ((-11)/(22/(-12)))/(-2). Let c = f - -17. Calculate the greatest common divisor of c and z.
14
Let o(y) = y**2 + 14*y + 35. Suppose -4*g + 114 = -3*g. Suppose 0 = 13*c - 7*c + g. Let p be o(c). Calculate the highest common divisor of p and 10.
10
Suppose 1789*n + 546 = 1790*n. Calculate the greatest common factor of n and 156.
78
Let c(f) = -2*f**3 - 3*f**2 + 3*f + 6. Let b be c(-2). Suppose y + 94 = 5*a + 21, -b*a + 4*y = -68. What is the highest common divisor of a and 14?
14
Suppose -7*z - 2*u - 32 = -71, 4*z + 3*u = 39. Calculate the greatest common divisor of 6282 and z.
3
Suppose 104*z = 10224 + 8080. What is the highest common divisor of 80 and z?
16
Suppose -l - 8 = 4*g, 2*g - 1 + 3 = -l. Let n be ((-18)/21)/((-610)/(-70) - 9). What is the greatest common factor of l and n?
1
Suppose d = 4*y + 2484, -5*d = -9*y + 8*y - 12496. Suppose 19*n = -6*n + d. Calculate the greatest common divisor of 25 and n.
25
Suppose 132 = -20*m + 26*m. Calculate the greatest common divisor of 1738 and m.
22
Let t = 1146 + -313. What is the greatest common factor of t and 51?
17
Let v be 30/(-4) - 49/(-7) - 1951/(-2). Calculate the greatest common factor of v and 90.
15
Let m = 15 + -9. Suppose 11*f - m*f - 630 = 0. Suppose 242*h - 62*h - 3888 = -36*h. Calculate the highest common divisor of f and h.
18
Suppose -4*h - 3 = -h. Let s = 1 + h. Suppose m - 3*o + 11 = s, 5*m - o = -1 + 16. What is the greatest common divisor of m and 1?
1
Suppose 0 = -5*h - 3*r + 988, -388*r = 3*h - 392*r - 558. What is the greatest common divisor of 2134 and h?
194
Suppose -139 + 139 = 2*x. Suppose x = 25*s + 10*s - 21875. What is the greatest common divisor of 25 and s?
25
Let c be (-78)/72*-292 + (-2)/(-3). Let d = 429 - c. Calculate the greatest common factor of d and 42.
14
Suppose 0 = -3*d - 63 + 66, 2*m - 123 = 3*d. What is the greatest common factor of 13587 and m?
21
Let n(k) = -74*k + 5185. Let z be n(68). What is the greatest common divisor of 12240 and z?
153
Let u(m) = -m**3 + 19*m**2 + 181*m + 29. Let k be u(26). What is the greatest common divisor of 303 and k?
3
Let f = 603 + -695. Let b